2 + 3 + -2). What is the highest common divisor of i and w?
23
Suppose 4*j = 5*j - 42. Let u = j - 25. What is the highest common factor of 187 and u?
17
Suppose -w + 16 = 3*w. Let k = 11 + -8. Suppose 2*y - 3 = -3*p + 59, 0 = k*y + w*p - 92. What is the greatest common divisor of y and 70?
14
Suppose -4*u - 2*j + 28 = 0, -3*u - 2*j + 4 = -17. Suppose 0*p - 5*c = p - 46, -3*c = -5*p + 90. Calculate the highest common factor of p and u.
7
Let n(r) = r**2 + r - 3. Let z be n(-4). Let b be (3 - 3) + (-3 - -14). Suppose -124 - b = -5*f. Calculate the highest common factor of f and z.
9
Let n(p) = 2*p - 4. Let k be n(6). Suppose -2*r - 8 + 2 = 0, -a = 3*r - 15. Calculate the highest common divisor of a and k.
8
Let o be 42/11 - 2/(-11). Suppose -k = -2*q - 6, 2*k + 2 = -q + o. Calculate the greatest common factor of 2 and k.
2
Let h be -6*5/(15/(-18)). Calculate the highest common factor of 24 and h.
12
Suppose 2*s - 7*s - 15 = 0. Let r(u) = -23*u + 4. Let z be r(s). Let g be 4/(-16) + z/4. What is the highest common factor of 9 and g?
9
Suppose s + s = -64. Let j = 123 + s. What is the greatest common divisor of 13 and j?
13
Suppose 4*c + 23 - 56 = 3*l, -4*c - 5*l + 9 = 0. Suppose 2*p - p = -g + 9, -2*p - 4*g = -12. Calculate the highest common factor of c and p.
6
Suppose 4*p = 3*p - 2*b + 42, 190 = 4*p - 3*b. What is the highest common divisor of p and 322?
46
Suppose 15 = -2*y + 7*y, 2*y = -l + 21. What is the highest common factor of l and 135?
15
Let n be ((-4)/2)/(-2) + 2 + 24. Let i = 7 - 4. What is the greatest common divisor of i and n?
3
Let y = 3 - -1. Suppose -2*h + 94 = 5*z, h + y*h - 46 = -2*z. Suppose 0*b - b + z = 0. What is the greatest common divisor of b and 9?
9
Let y = 3 - -7. What is the highest common divisor of y and 15?
5
Suppose 4*d = 5*c + 21, 0 = -c - 2*c + 3*d - 15. Let f(b) = -4*b**3 + 2*b**2 - 1. Let p be f(c). What is the highest common factor of 45 and p?
5
Suppose 715 = 4*t - 341. What is the highest common factor of t and 24?
24
Let s(g) = g**3 + 12*g**2 + 12*g + 1. Let l be s(-11). Let v be (5/l)/((-2)/144). Calculate the greatest common factor of v and 9.
9
Let z(d) = d**3 - 4*d**2 - 7*d + 6. Let m be z(5). Let y = m - -7. Calculate the greatest common factor of y and 27.
3
Let s = -142 - -178. What is the greatest common divisor of s and 90?
18
Let t(s) = 5*s**2 + 5*s - 10. Let a be t(-5). What is the greatest common divisor of a and 20?
10
Let f(x) = x + 1. Let p(o) = o + 7. Let r be p(-8). Let c be f(r). Suppose -7 = -2*q + h + 41, c = q + 2*h - 14. What is the highest common factor of q and 2?
2
Let n(j) = j**3 - 3*j**2 + 2*j - 4. Let y be n(3). Let r be (4/(-10))/(2/(-10)). Let q be r*y*2/8. What is the greatest common divisor of 3 and q?
1
Let w = -28 - -76. Calculate the highest common divisor of w and 12.
12
Let u be (-2)/6 + 112/12. Let v be 3/9*30/2. Suppose -i - u = -5*h, v*h = -i - 1 + 22. Calculate the highest common divisor of i and 42.
6
Let d(x) = -x**3 + 3*x**2 - 2*x + 4. Let g be d(4). Let f = g + 29. Calculate the greatest common factor of 6 and f.
3
Let f be ((-22)/(-6) - 5)/((-2)/18). Let g = 769 + -508. Suppose 3 = -r + 6, -2*a + r = -g. What is the highest common factor of a and f?
12
Suppose -2*a + 0*a + 46 = 0. Suppose -c = h + h, 3*h - 4*c = -22. Let m be -1*((-113)/1 + h). Calculate the highest common factor of a and m.
23
Let g(a) = -a**3 + 8*a**2 - 8*a + 10. Let q be g(7). Suppose -9 = -q*b, 5*b = t + t + 1. Calculate the greatest common factor of t and 21.
7
Suppose -4*t + 15 = t. Suppose -2*f = t*f - 20. What is the highest common divisor of f and 8?
4
Let g(t) be the first derivative of 39*t**2/2 + 2*t + 2. Let r be g(2). Let x = 6 + 10. What is the greatest common divisor of r and x?
16
Suppose -i + 20 = -g, 0 = -4*i + 5 + 15. Let k be (6/g)/(3/(-105)). What is the greatest common factor of k and 21?
7
Suppose -2*y = 3*y - 160. Calculate the greatest common divisor of 8 and y.
8
Let f(z) be the first derivative of 25*z**3/3 - z**2 + 2*z - 3. Let b be f(2). What is the greatest common factor of 14 and b?
14
Suppose -8*a + 2 = -6. Calculate the highest common factor of a and 11.
1
Suppose -14 = -4*m - 3*y + 25, -3*y - 15 = -2*m. Let u be 5/2*18/15. What is the highest common divisor of u and m?
3
Let p = -3141 - -2161. Let d be p/(-3) + (-8)/12. Suppose 0 = 3*i + 86 - d. What is the highest common factor of 16 and i?
16
Suppose b - 3*b - f + 27 = 0, 4*b + 5*f = 45. Calculate the greatest common divisor of b and 15.
15
Let a be -4*1*(-4)/8. Suppose a*m = 33 + 55. Calculate the highest common factor of 4 and m.
4
Let a = 13 - 8. Let d = a + -2. Let g = d - -5. What is the greatest common factor of 12 and g?
4
Let o be 3 - 1 - (-13)/(-1). Let q(d) = -11*d - 1. Let y be q(o). What is the greatest common divisor of 12 and y?
12
Suppose 3*b = b + 64. What is the greatest common divisor of b and 352?
32
Let n = -9 - -74. Suppose 0 = -5*y + q + 195, -y - 2*q + n = 3*q. Calculate the greatest common factor of y and 5.
5
Suppose -4*j + 7*j = 495. What is the greatest common factor of j and 15?
15
Let d(a) = 7*a + 23. Let i be d(7). What is the greatest common factor of i and 16?
8
Let r(k) = -k**3 + 27*k**2 - 25*k + 29. Let n be r(26). What is the greatest common divisor of 11 and n?
11
Let q(h) be the first derivative of h**4/4 - h**3 + h**2 - 1. Let n be q(4). Let u be 3/(2*3/72). Calculate the greatest common divisor of u and n.
12
Let o be 19/5 + 4/20. Suppose o*x + 5*u = 455, 2*u - 3*u + 223 = 2*x. What is the greatest common factor of 11 and x?
11
Let r(d) be the first derivative of d**3/3 - d**2/2 - 2*d + 3. Let n be r(2). Let c be (2 + 40)*(n - -1). Calculate the highest common divisor of c and 14.
14
Let m be (-1 + 2 - -2)/((-1)/(-1)). Suppose 0*l = -4*l + 72. Let n be (7/3)/(2/l). Calculate the highest common factor of m and n.
3
Let u = 9 - 11. Let j be 3*(u - (-6 + -1)). Calculate the highest common factor of 15 and j.
15
Let b = -60 + 180. What is the greatest common factor of b and 15?
15
Let l be (0/1 - 0)/(-2). Let m be 5 + (6 + l)/(-3). Suppose 4 = -f, -g - 4*f = -1 + m. Calculate the highest common factor of 35 and g.
7
Suppose -2*o - 2*m = 6, o + 4*m + 0*m = -18. Calculate the greatest common divisor of o and 56.
2
Let c = -7 - -17. Let r = c - 7. Let i(v) = -8*v + 25. Let g be i(2). Calculate the highest common divisor of g and r.
3
Suppose -5*z + 30 = 3*x, -z + 5*x = -4*z + 18. Calculate the greatest common factor of z and 24.
6
Let w = -11 + 53. What is the highest common factor of 21 and w?
21
Suppose -3*l - 53 = -n, 0 = -2*l - 6 - 2. Let w = 10 + n. What is the highest common divisor of 17 and w?
17
Let v = -4 + 2. Let n(b) = -7*b + 2. Let w be n(v). Let y(p) = p**3 - 3*p**2 - 4*p + 2. Let o be y(4). What is the highest common divisor of o and w?
2
Suppose -5*k = 2 - 37. What is the highest common divisor of 35 and k?
7
Suppose -34 = -5*v + 51. Calculate the highest common factor of 119 and v.
17
Suppose 6*w + 25 = 11*w. Suppose 34 - 9 = w*h. Calculate the greatest common divisor of h and 35.
5
Let t = 63 - 7. Let c(o) = 7*o + 1. Suppose -2*f + 5 = 3*f. Let w be c(f). What is the highest common divisor of w and t?
8
Suppose -7*f + 50 = -2*f. Let u(c) = -2*c + 25. Let j be u(10). Suppose 3*w = j*a + 29, w + w + f = -4*a. What is the greatest common factor of w and 21?
3
Let j(v) = 2*v**2 + 2*v - 9. Let x be j(-4). What is the highest common factor of 120 and x?
15
Suppose -4*b + b + 4 = 4*d, -2*d - 5*b - 12 = 0. Let y = d + -4. Let j(f) = f + 10. Let t be j(y). Calculate the greatest common factor of t and 10.
10
Suppose 0 = -3*c + 4*c - 13. Suppose -3*w + 266 = 4*h, w - 262 = -2*h - 2*h. What is the highest common divisor of h and c?
13
Let z(r) = -r + 7. Let y be z(5). Suppose 5*q = y*q + 6. Suppose -5*g + 4*h + q = -12, -3*g + 34 = 4*h. Calculate the greatest common divisor of g and 54.
6
Let h be (-3 + 6/3)*-12. Suppose 2*x + x = h. Let g = x - -1. What is the highest common factor of g and 5?
5
Let n(f) = -5*f + 91. Let l be n(17). Suppose 20 = 5*j - 0*j. Calculate the greatest common divisor of j and l.
2
Suppose -5*g + 4*n + 262 = 0, 5*g = -n + 179 + 68. Let j = g + 0. Calculate the highest common divisor of 5 and j.
5
Suppose 4*c + 4*j + 36 = 0, 2*j = -c 